 the hundred thousands digit of 192384?
1
What is the hundred thousands digit of 27665252?
6
What is the tens digit of 563850?
5
What is the units digit of 18560194?
4
What is the tens digit of 262434?
3
What is the units digit of 11420140?
0
What is the tens digit of 129666?
6
What is the millions digit of 20891826?
0
What is the ten thousands digit of 30661?
3
What is the millions digit of 6291313?
6
What is the tens digit of 4068882?
8
What is the hundreds digit of 2685287?
2
What is the millions digit of 17125735?
7
What is the ten thousands digit of 1255175?
5
What is the ten thousands digit of 10330101?
3
What is the hundreds digit of 2516321?
3
What is the units digit of 319933?
3
What is the thousands digit of 256130?
6
What is the hundreds digit of 37902586?
5
What is the hundreds digit of 2517701?
7
What is the ten thousands digit of 3723202?
2
What is the tens digit of 767341?
4
What is the hundreds digit of 625867?
8
What is the hundred thousands digit of 282321?
2
What is the hundred thousands digit of 194693?
1
What is the ten thousands digit of 165943?
6
What is the millions digit of 4480488?
4
What is the tens digit of 313872?
7
What is the units digit of 196948?
8
What is the tens digit of 920962?
6
What is the ten thousands digit of 838461?
3
What is the units digit of 2435010?
0
What is the thousands digit of 57499?
7
What is the millions digit of 7967414?
7
What is the hundreds digit of 1274644?
6
What is the ten thousands digit of 6190281?
9
What is the tens digit of 358016?
1
What is the hundreds digit of 1167756?
7
What is the ten millions digit of 13904795?
1
What is the hundreds digit of 6861937?
9
What is the tens digit of 563086?
8
What is the ten thousands digit of 29558939?
5
What is the hundreds digit of 172628?
6
What is the hundreds digit of 57337?
3
What is the units digit of 590817?
7
What is the millions digit of 3348359?
3
What is the hundred thousands digit of 23411202?
4
What is the hundreds digit of 27759788?
7
What is the hundreds digit of 1666331?
3
What is the units digit of 122751?
1
What is the hundreds digit of 186756?
7
What is the ten millions digit of 13894062?
1
What is the hundreds digit of 418610?
6
What is the hundreds digit of 29772716?
7
What is the ten thousands digit of 16446683?
4
What is the units digit of 726388?
8
What is the tens digit of 1937142?
4
What is the hundreds digit of 10325718?
7
What is the hundred thousands digit of 1340164?
3
What is the ten thousands digit of 453569?
5
What is the tens digit of 886063?
6
What is the units digit of 15987431?
1
What is the tens digit of 5521378?
7
What is the units digit of 2907071?
1
What is the hundred thousands digit of 12265082?
2
What is the units digit of 954?
4
What is the thousands digit of 5748?
5
What is the units digit of 1038396?
6
What is the ten thousands digit of 215928?
1
What is the hundred thousands digit of 284321?
2
What is the tens digit of 988572?
7
What is the hundreds digit of 423579?
5
What is the tens digit of 128512?
1
What is the millions digit of 2516172?
2
What is the tens digit of 5645569?
6
What is the thousands digit of 20747?
0
What is the tens digit of 822491?
9
What is the thousands digit of 52370?
2
What is the units digit of 1972577?
7
What is the thousands digit of 249546?
9
What is the thousands digit of 830444?
0
What is the hundreds digit of 282832?
8
What is the hundreds digit of 14975?
9
What is the tens digit of 521637?
3
What is the units digit of 18750772?
2
What is the hundred thousands digit of 424015?
4
What is the hundreds digit of 12319957?
9
What is the units digit of 96761?
1
What is the hundreds digit of 9263139?
1
What is the hundreds digit of 9535421?
4
What is the millions digit of 5877045?
5
What is the ten thousands digit of 280886?
8
What is the ten thousands digit of 546548?
4
What is the hundreds digit of 14357301?
3
What is the hundreds digit of 2865103?
1
What is the tens digit of 5625109?
0
What is the hundred thousands digit of 171350?
1
What is the millions digit of 5207387?
5
What is the thousands digit of 5385815?
5
What is the units digit of 15272180?
0
What is the tens digit of 53513?
1
What is the units digit of 7144754?
4
What is the thousands digit of 4846538?
6
What is the hundred thousands digit of 869824?
8
What is the thousands digit of 395046?
5
What is the tens digit of 921754?
5
What is the hundred thousands digit of 227308?
2
What is the thousands digit of 6658157?
8
What is the thousands digit of 2486728?
6
What is the hundreds digit of 4801802?
8
What is the millions digit of 13161230?
3
What is the hundred thousands digit of 135146?
1
What is the tens digit of 5280463?
6
What is the hundred thousands digit of 5929742?
9
What is the hundred thousands digit of 1630240?
6
What is the hundreds digit of 101698?
6
What is the ten thousands digit of 496604?
9
What is the ten thousands digit of 844766?
4
What is the hundred thousands digit of 25599813?
5
What is the ten millions digit of 13829104?
1
What is the hundred thousands digit of 1710646?
7
What is the thousands digit of 427081?
7
What is the thousands digit of 43557?
3
What is the hundred thousands digit of 24277929?
2
What is the units digit of 347356?
6
What is the tens digit of 159694?
9
What is the ten thousands digit of 2128484?
2
What is the ten thousands digit of 175112?
7
What is the ten thousands digit of 556984?
5
What is the millions digit of 8522320?
8
What is the hundreds digit of 11648767?
7
What is the tens digit of 906068?
6
What is the thousands digit of 1879487?
9
What is the tens digit of 178765?
6
What is the thousands digit of 10024551?
4
What is the hundreds digit of 453151?
1
What is the ten thousands digit of 40544192?
4
What is the units digit of 6388242?
2
What is the ten thousands digit of 546322?
4
What is the hundred thousands digit of 12296150?
2
What is the hundreds digit of 132102?
1
What is the tens digit of 7958319?
1
What is the ten thousands digit of 6361625?
6
What is the thousands digit of 601456?
1
What is the tens digit of 259039?
3
What is the units digit of 484548?
8
What is the ten thousands digit of 588864?
8
What is the ten thousands digit of 1580343?
8
What is the ten thousands digit of 353070?
5
What is the units digit of 2110486?
6
What is the hundreds digit of 15876?
8
What is the hundreds digit of 464062?
0
What is the hundreds digit of 191248?
2
What is the ten thousands digit of 206847?
0
What is the hundreds digit of 1151331?
3
What is the thousands digit of 7401883?
1
What is the hundreds digit of 52341?
3
What is the tens digit of 22290?
9
What is the ten thousands digit of 844581?
4
What is the hundreds digit of 130850?
8
What is the thousands digit of 480460?
0
What is the units digit of 159457?
7
What is the tens digit of 223260?
6
What is the units digit of 10682635?
5
What is the thousands digit of 1197277?
7
What is the thousands digit of 300366?
0
What is the thousands digit of 34836?
4
What is the units digit of 363537?
7
What is the units digit of 2467062?
2
What is the hundreds digit of 531113?
1
What is the units digit of 7515224?
4
What is the tens digit of 10073691?
9
What is the hundred thousands digit of 484873?
4
What is the units digit of 11187163?
3
What is the tens digit of 3890539?
3
What is the hundred thousands digit of 19722559?
7
What is the tens digit of 29721?
2
What is the thousands digit of 2235997?
5
What is the millions digit of 3190096?
3
What is the millions digit of 2878519?
2
What is the tens digit of 375191?
9
What is the thousands digit of 694765?
4
What is the hundred thousands digit of 11473515?
4
What is the tens digit of 4556832?
3
What is the tens digit of 13532026?
2
What is the thousands digit of 325675?
5
What is the thousands digit of 1805286?
5
What is the units digit of 3230022?
2
What is the thousands digit of 29021030?
1
What is the ten thousands digit of 2845172?
4
What is the ten millions digit of 17538413?
1
What is the thousands digit of 246206?
6
What is the ten thousands digit of 26584565?
8
What is the ten thousands digit of 564234?
6
What is the thousands digit of 669883?
9
What is the units digit of 12933?
3
What is the thousands digit of 836758?
6
What is the thousands digit of 783046?